greatest common factor of a and 165?
55
Suppose b = -39*q + 41*q - 274, -2*q - b = -270. What is the highest common divisor of 17 and q?
17
Let w(t) = 530*t**2 - 15*t - 14. Let u be w(4). Calculate the highest common factor of 18 and u.
18
Suppose -21*a + 27*a = 0. Suppose -r + 104 = 4*m, -4*r - m = -a*m - 401. What is the highest common factor of 60 and r?
20
Suppose -632 = -3*g - 2*w, 421 = g + g + w. Let z = -326 + 341. Calculate the highest common divisor of g and z.
15
Let v = -5208 - -5359. Calculate the highest common factor of v and 23707.
151
Let j be (1/2)/((-1)/(-2)). Suppose 1680 = -84*s + 78*s. Let i = s + 287. Calculate the highest common factor of j and i.
1
Let t be 450/(-55) + (-26)/(-143). Let d be (-1845)/(-105) + t/14. Calculate the highest common factor of d and 3.
1
Suppose 0 = -103*i - 41*i + 732672. Calculate the greatest common divisor of 12 and i.
12
Suppose 0*n - 5*n = -130. Suppose 42 = 2*q + 5*q. Suppose -q*w - 376 = -1468. Calculate the greatest common divisor of n and w.
26
Suppose -5*h + 6*h = 0. Let a(z) = -z**2 + 2. Let m be a(h). Let g be (-403)/(-39) + -2 + (-2)/6. What is the highest common divisor of m and g?
2
Suppose -7 = h, 4*y + 452 = -5*h + 445. Calculate the highest common divisor of 14273 and y.
7
Suppose 2*i + 540 = -i. Let o = -159 - i. Calculate the highest common factor of 168 and o.
21
Let k(u) = -21*u**3 + u**2 - 4*u - 20. Let l be k(-2). Suppose 8*a = 4*a + 1440. Calculate the highest common divisor of a and l.
40
Let t = 266 - -598. Calculate the highest common divisor of t and 162.
54
Let r be ((-1504)/(-658))/((-4)/(-14)). Calculate the greatest common factor of 108 and r.
4
Let c = -71 + 80. Let l(s) = 3*s**3 - s**2 + s - 1. Let u be l(1). Calculate the highest common factor of c and u.
1
Suppose -175*f - 2460 = -180*f. What is the greatest common factor of f and 120?
12
Let g(t) = -260*t**2 - 12*t + 11. Let l be g(1). Let r = -215 - l. What is the highest common factor of r and 46?
46
Let y(r) = -15*r + 81. Let x be (32/(-17) - 8) + 4/(-34). Let d be y(x). What is the highest common factor of 63 and d?
21
Let x = 2705 - 805. Let f be (-10)/(-15) + (x/(-15))/(-5). What is the highest common factor of 260 and f?
26
Suppose 171 = 4*v + 27. Suppose 0 = 5*g + 3*g - 5328. Calculate the greatest common factor of g and v.
18
Let j be (-1 + 34)*(-5)/(-20)*(-32)/(-24). Let x = 90 - 2. Calculate the greatest common divisor of x and j.
11
Let f(l) = -2*l + 54. Let k be f(18). Let q(a) = -a**3 + 17*a**2 + 22*a. Let j be q(k). What is the highest common divisor of 16 and j?
8
Let s(g) = g**3 - 57*g**2 - 52*g - 247. Let w be s(58). Calculate the highest common factor of w and 2727.
101
Let a(s) = s**2 - 3*s + 209. Let f(l) = -9*l + 18. Let m be f(2). Let u be a(m). What is the greatest common divisor of u and 11?
11
Let v be ((-820)/30)/(24/(-1044)). What is the greatest common divisor of 533 and v?
41
Let s be -30*(3/6 - -4). Let i be 2*(s/(-6))/9. Suppose -42 = -z - i*z. Calculate the greatest common factor of z and 7.
7
Suppose 8*a = -15721 + 19049. What is the highest common factor of a and 10920?
104
Let b(g) = 69*g**2 - 250*g - 9. Let d(m) = 46*m**2 - 167*m - 6. Let c(s) = 5*b(s) - 8*d(s). Let y be c(3). Calculate the highest common factor of 18 and y.
18
Suppose 0 = 5*o - i - 24, -o - 3*i = -0*o + 8. Suppose -2*w + 66 = -w + 4*u, o*u - 166 = -3*w. What is the greatest common factor of w and 25?
25
Suppose 212 = 2*v + 224. Let s(d) = 7*d**2 + d + 15. Let t be s(v). Calculate the greatest common divisor of t and 9.
9
Suppose 37 = 3*a + 29*r - 34*r, -5*a + 30 = -2*r. Suppose s - 3*s = 3*t - 42, 0 = 4*t + a*s - 60. Calculate the highest common factor of 114 and t.
6
Let l(a) = -59*a**2 + 1415*a + 45. Let t be l(24). Calculate the highest common factor of t and 3353.
7
Let q be -182 + 197 - (-83)/1. Calculate the greatest common factor of q and 2401.
49
Let i(u) = -u**2 + 15*u + 476. Let r be i(-15). Calculate the highest common factor of r and 2626.
26
Suppose 148*t = 18636 + 30559 + 21993. Calculate the highest common factor of t and 221.
13
Let t = -7971 + 12461. Calculate the highest common factor of 20 and t.
10
Suppose 2*z + 3*z = 2*u - 41, -71 = -2*u - z. Let g = u + -29. Suppose -m - 43 = -g*m - 4*x, -2*x = -3*m + 19. Calculate the highest common divisor of 9 and m.
9
Let s be 43659/(2 + -13)*-1. Calculate the greatest common divisor of 81 and s.
81
Let k = 27 - -413. Let g = k + -427. What is the highest common divisor of 13 and g?
13
Suppose -137 = -5*f - m, -2*f + 57*m = 55*m - 86. Let r = 62 + -2. What is the greatest common factor of r and f?
30
Let c(s) = -37*s - 748. Let j be c(-21). What is the greatest common factor of j and 17?
1
Let x = -7353 + 8599. What is the greatest common divisor of 890 and x?
178
Suppose -9*s + 77 = -94. Suppose s*u - 2764 = 15*u. Let t = -355 + u. What is the highest common factor of t and 48?
48
Let s = 654 - 566. Let p = 94 - s. Calculate the greatest common divisor of 14 and p.
2
Let v(t) = -2*t**3 + 15*t**2 + 6*t + 19. Let w be v(8). Suppose -5 = -w*n - 14, -3*n + 31 = 2*i. What is the greatest common factor of i and 220?
20
Suppose -3*j - 30 = -4*j. Suppose -4*b = 17*f - 12*f - 375, 3*b + 75 = f. Suppose 0 = -10*g + f - 15. What is the highest common divisor of j and g?
6
Let p = 4524 + -2738. What is the greatest common factor of p and 38?
38
Let m be (0 - (-1)/2)*-340. Let x(f) = -3*f**2 + 81*f - 85. Let r be x(21). Let y = r + m. Calculate the greatest common factor of 41 and y.
41
Let n(q) = 11*q - 75. Let t be n(6). Let l be (-2 - (-183)/t)/((-1)/21). Let j = l - 293. Calculate the highest common divisor of j and 16.
16
Suppose -9916 = -2*n + t, 19812 = 4*n + 11*t - 8*t. What is the greatest common divisor of 59 and n?
59
Let k = 3140 + -3113. Calculate the highest common divisor of k and 351.
27
Let a(l) = 33*l**2 + 14*l + 23*l**2 - 55*l**2. Let w be a(4). What is the greatest common factor of w and 8?
8
Suppose 7*o - 63 = -602. Let d = 129 + o. Calculate the highest common divisor of d and 312.
52
Let z = -14870 + 16406. What is the greatest common divisor of 48 and z?
48
Let f(h) = 8*h**2 + 9*h - 148. Let c be f(-5). Calculate the greatest common factor of 3829 and c.
7
Suppose -3*a + 19 = 4*f, 2*a - f + 22 = 31. Suppose 5*o + a*z = 85, 6*z + 41 = 2*o + z. Calculate the highest common factor of o and 10.
2
Let h(v) = -11*v + 11. Suppose 321 = 18*g - 3. Suppose -5*y - 4*w - 37 = 0, g = y - 4*y - w. Let a be h(y). What is the highest common divisor of 6 and a?
6
Let k(l) = -l**2 - 18*l + 42. Let d be k(-20). Let p be (-708)/(-16) + d/(-8). What is the highest common factor of 572 and p?
44
Let b be -5*(-9)/75*100. Suppose -3*v + 0*v - a + 9 = 0, 3*v + 9 = 5*a. What is the highest common divisor of v and b?
2
Suppose -50 = -4*l - 5*h, -h = 4*l - 2*h - 38. Let t be ((-6)/4)/(4/(-400)*5). Calculate the highest common divisor of t and l.
10
Suppose 4*h + 2*z + 2*z - 268 = 0, -3*h + 5*z + 201 = 0. Let i = h - 7. What is the highest common factor of 240 and i?
60
Suppose 7*b - 22 = -64. Let f(m) = -8*m + 12. Let y be f(b). Calculate the highest common divisor of y and 36.
12
Let q be (-6)/(-4)*1*(28 - 26). Suppose 13 = w + 5. Suppose -5*m + w = v - 3*m, 4*m = 3*v + 6. Calculate the highest common divisor of q and v.
1
Suppose -4*p = -4*w + 135 + 13, -p = w - 27. What is the highest common divisor of 1936 and w?
16
Let x be 5902/117*18 - -4. Calculate the greatest common factor of x and 1536.
48
Suppose -153*a - 177 = -157*a - u, -3*u + 126 = 3*a. Calculate the greatest common divisor of a and 2085.
15
Suppose -990*a - 1332 = -993*a. Let h = a - 402. What is the highest common divisor of 63 and h?
21
Let a = 152 + -131. Let q be 346/6 - 14/a. What is the greatest common divisor of 114 and q?
57
Let m(o) = 29 - 37*o**3 + 35*o**3 + 5*o - 16. Let n be m(-4). What is the highest common divisor of n and 33?
11
Let c = 68 + -32. Let r be (-90)/(15/((-105)/14)). Calculate the greatest common divisor of r and c.
9
Suppose 24 = 262*v - 259*v. Suppose 0 = -4*q + v, 0 = -2*w - 5*q + 53 + 229. What is the highest common divisor of 102 and w?
34
Suppose -4*d + 3*r - 234 = -2*d, -4*r = -3*d - 349. Let i be 16 + 1060/(-60) + ((-1348)/6)/2. Let a = d - i. What is 